{"id":411,"date":"2020-11-20T09:58:03","date_gmt":"2020-11-20T08:58:03","guid":{"rendered":"http:\/\/toften.se\/toft2020\/?page_id=411"},"modified":"2020-11-27T09:06:34","modified_gmt":"2020-11-27T08:06:34","slug":"lidingo-hembygdsforening","status":"publish","type":"page","link":"https:\/\/toften.se\/toft2020\/lidingo-hembygdsforening\/","title":{"rendered":"Liding\u00f6 Hembygdsf\u00f6rening"},"content":{"rendered":"\n<p>En del intressant historisk information om v\u00e5rt n\u00e4romr\u00e5de finns att h\u00e4mta p\u00e5 hemsidan f\u00f6r <a href=\"http:\/\/www.lidingohembygd.se\/index.html\" target=\"_blank\" rel=\"noreferrer noopener\">Liding\u00f6 Hembygdsf\u00f6rening<\/a> (ett medlemskap d\u00e4r \u00e4r v\u00e4l att st\u00f6tta en god sak). D\u00e4r finns ocks\u00e5 ett <a rel=\"noreferrer noopener\" href=\"https:\/\/lidingohembygd.bildbank.se\/sv\/bildbank\" target=\"_blank\">\u00f6ppet bildarkiv<\/a>, d\u00e4r man kan s\u00f6ka p\u00e5 t.ex. &#8220;Bo G\u00e4rde&#8221;, &#8220;Toftv\u00e4gen&#8221;, etc och f\u00e5 se gamla bilder p\u00e5 Villa St\u00e5lebo (som g\u00e5r upp i r\u00f6k f\u00f6r att ge plats f\u00f6r v\u00e5ra l\u00e4ngor).<\/p>\n","protected":false},"excerpt":{"rendered":"<p>En del intressant historisk information om v\u00e5rt n\u00e4romr\u00e5de finns att h\u00e4mta p\u00e5 hemsidan f\u00f6r Liding\u00f6 Hembygdsf\u00f6rening (ett medlemskap d\u00e4r \u00e4r v\u00e4l att st\u00f6tta en god sak). D\u00e4r finns ocks\u00e5 ett \u00f6ppet bildarkiv, d\u00e4r man kan s\u00f6ka p\u00e5 t.ex. &#8220;Bo G\u00e4rde&#8221;, &#8220;Toftv\u00e4gen&#8221;, etc och f\u00e5 se gamla bilder p\u00e5 Villa St\u00e5lebo (som g\u00e5r upp i r\u00f6k &hellip; <\/p>\n<p class=\"link-more\"><a href=\"https:\/\/toften.se\/toft2020\/lidingo-hembygdsforening\/\" class=\"more-link\">Forts\u00e4tt l\u00e4sa<span class=\"screen-reader-text\"> \u201dLiding\u00f6 Hembygdsf\u00f6rening\u201d<\/span><\/a><\/p>\n","protected":false},"author":1,"featured_media":0,"parent":0,"menu_order":0,"comment_status":"closed","ping_status":"closed","template":"","meta":{"_s2mail":"yes","footnotes":""},"class_list":["post-411","page","type-page","status-publish","hentry"],"_links":{"self":[{"href":"https:\/\/toften.se\/toft2020\/wp-json\/wp\/v2\/pages\/411","targetHints":{"allow":["GET"]}}],"collection":[{"href":"https:\/\/toften.se\/toft2020\/wp-json\/wp\/v2\/pages"}],"about":[{"href":"https:\/\/toften.se\/toft2020\/wp-json\/wp\/v2\/types\/page"}],"author":[{"embeddable":true,"href":"https:\/\/toften.se\/toft2020\/wp-json\/wp\/v2\/users\/1"}],"replies":[{"embeddable":true,"href":"https:\/\/toften.se\/toft2020\/wp-json\/wp\/v2\/comments?post=411"}],"version-history":[{"count":2,"href":"https:\/\/toften.se\/toft2020\/wp-json\/wp\/v2\/pages\/411\/revisions"}],"predecessor-version":[{"id":429,"href":"https:\/\/toften.se\/toft2020\/wp-json\/wp\/v2\/pages\/411\/revisions\/429"}],"wp:attachment":[{"href":"https:\/\/toften.se\/toft2020\/wp-json\/wp\/v2\/media?parent=411"}],"curies":[{"name":"wp","href":"https:\/\/api.w.org\/{rel}","templated":true}]}}