{"id":147,"date":"2020-03-16T09:39:45","date_gmt":"2020-03-16T08:39:45","guid":{"rendered":"http:\/\/toften.se\/toft2020\/?page_id=147"},"modified":"2020-11-30T13:56:38","modified_gmt":"2020-11-30T12:56:38","slug":"husen-historia-underhall-mm","status":"publish","type":"page","link":"https:\/\/toften.se\/toft2020\/husen-historia-underhall-mm\/","title":{"rendered":"Husen &#8211; historia, underh\u00e5ll, mm."},"content":{"rendered":"\n<h2 class=\"wp-block-heading\"><a rel=\"noreferrer noopener\" href=\"http:\/\/toften.se\/toft2020\/teknisk-beskrivning-toftvagen-4\/\" target=\"_blank\">H\u00e5kan \u00c5str\u00f6ms beskrivning av Toftv\u00e4gen 4<\/a><\/h2>\n\n\n\n<h2 class=\"wp-block-heading\"><a href=\"http:\/\/toften.se\/toft2020\/husen-historia-underhall-mm\/fargsattning-mm\/\" target=\"_blank\" rel=\"noreferrer noopener\">F\u00e4rgs\u00e4ttning mm<\/a><\/h2>\n\n\n\n<h2 class=\"wp-block-heading\" id=\"page-title\">Karta \u00f6ver Bo G\u00e4rde med omgivningar fr\u00e5n 1926        <\/h2>\n\n\n\n<p> Inlagt av Per Lars\u00e9n tis, 2014-11-11 20:48               <\/p>\n\n\n\n<p>Bifogat  finns en karta som visar Bo g\u00e4rde med omgivningar p\u00e5 1920-talet. Husen  p\u00e5 Toftv\u00e4gen \u00e4r placerade i det som d\u00e5 var g\u00e5rdens tr\u00e4dg\u00e5rd. \u00c4ppel- och  p\u00e4rontr\u00e4den utmed kvarteret Toften \u00e4r ett minne fr\u00e5n tr\u00e4dg\u00e5rden.<br> I tr\u00e4dg\u00e5rden fanns ocks\u00e5 ett hus som hette St\u00e5lebo. Det eldades upp av  brandk\u00e5ren i b\u00f6rjan p\u00e5 1960-talet. P\u00e5 kartan syns ocks\u00e5 mejeriet som  under en tid d\u00e4refter var svagdricksfabrik och numera kvar som  privatbostad. L\u00e4gg m\u00e4rke till att Vallen inte finns p\u00e5 kartan.<br><a href=\"http:\/\/toften.se\/toft2020\/wp-content\/uploads\/2020\/03\/Karta-Bo-g\u00e4rde-1926.png\" target=\"_blank\" rel=\"noreferrer noopener\">Se kartan!<\/a> (l\u00e4nk)<\/p>\n\n\n\n<h2 class=\"wp-block-heading\"><a href=\"http:\/\/toften.se\/toft2020\/bo-gard-kort-historik\/\" target=\"_blank\" rel=\"noreferrer noopener\">Bo G\u00e5rd &#8211; en kort historik<\/a> (l\u00e4nk)<\/h2>\n\n\n\n<h2 class=\"wp-block-heading\" id=\"page-title\">Arkitektkontoret Ancker Gate Lindegren &#8211; AGL        <\/h2>\n\n\n\n<p>Inlagt av Per Lars\u00e9n tis, 2014-11-11 20:30               <\/p>\n\n\n\n<p>Det legendariska arkitektkontoret Ancker Gate Lindegren ritade husen p\u00e5 Toftv\u00e4gen,<br> Bengt Gate ritade kvarteret Toften, Sten Lindegren nedre delen av kvarteret Spanten och Stig Ancker den \u00f6vre delen.<br> Se bifogad PDF f\u00f6r \u00f6vriga objekt som ritats runt om i landet, varav flera finns p\u00e5 Liding\u00f6.<br><a href=\"http:\/\/toften.se\/toft2020\/wp-content\/uploads\/2020\/03\/AGL.pdf\">AGL<\/a> (l\u00e4nk)<\/p>\n\n\n\n<h2 class=\"wp-block-heading\"><a href=\"http:\/\/toften.se\/toft2020\/husen-historia-underhall-mm\/husens-historia-av-axel-ancker-2004\/\" target=\"_blank\" rel=\"noreferrer noopener\">Husens historia<\/a><\/h2>\n\n\n\n<p>L\u00e4s Axel Ankers tal fr\u00e5n 2004 (l\u00e4nk)<\/p>\n\n\n\n<h2 class=\"wp-block-heading\"><a href=\"http:\/\/toften.se\/toft2020\/husen-historia-underhall-mm\/bebyggelseregistret-toftvagen-tillmats-sarskilt-kulturhistoriskt-varde\/\" target=\"_blank\" rel=\"noreferrer noopener\">Bebyggelseregistret (l\u00e4nk)<\/a><\/h2>\n\n\n\n<h2 class=\"wp-block-heading\"><a href=\"http:\/\/toften.se\/toft2020\/toftvagen-50-ar\/\" target=\"_blank\" rel=\"noreferrer noopener\">Toftv\u00e4gen 50 \u00e5r<\/a> (l\u00e4nk)<\/h2>\n\n\n\n<h2 class=\"wp-block-heading\" id=\"page-title\">Asbest        <\/h2>\n\n\n\n<p>Inlagt av Per Lars\u00e9n tors, 2012-02-16 18:36               <\/p>\n\n\n\n<p>Vid  renovering av v\u00e5rat badrum visade det sig att kakelfog\/fix inneh\u00f6ll  asbest vilket tydligen var vanligt f\u00f6rekommande vid den tiden husen  byggdes. Detta \u00e4r inte farligt s\u00e5 l\u00e4nge man inte river ner kaklet. Skall  man d\u00e4remot byta ut kaklet m\u00e5ste man anv\u00e4nda en asbestsaneringsfirma  som kan riva under kontrollerade former s\u00e5 att dammet inte sprider sig.  Rivningsmaterialet \u00e4r att betrakta som milj\u00f6farligt avfall.<\/p>\n","protected":false},"excerpt":{"rendered":"<p>H\u00e5kan \u00c5str\u00f6ms beskrivning av Toftv\u00e4gen 4 F\u00e4rgs\u00e4ttning mm Karta \u00f6ver Bo G\u00e4rde med omgivningar fr\u00e5n 1926 Inlagt av Per Lars\u00e9n tis, 2014-11-11 20:48 Bifogat finns en karta som visar Bo g\u00e4rde med omgivningar p\u00e5 1920-talet. Husen p\u00e5 Toftv\u00e4gen \u00e4r placerade i det som d\u00e5 var g\u00e5rdens tr\u00e4dg\u00e5rd. \u00c4ppel- och p\u00e4rontr\u00e4den utmed kvarteret Toften \u00e4r ett &hellip; <\/p>\n<p class=\"link-more\"><a href=\"https:\/\/toften.se\/toft2020\/husen-historia-underhall-mm\/\" class=\"more-link\">Forts\u00e4tt l\u00e4sa<span class=\"screen-reader-text\"> \u201dHusen &#8211; historia, underh\u00e5ll, mm.\u201d<\/span><\/a><\/p>\n","protected":false},"author":1,"featured_media":0,"parent":0,"menu_order":0,"comment_status":"closed","ping_status":"closed","template":"","meta":{"_s2mail":"yes","footnotes":""},"class_list":["post-147","page","type-page","status-publish","hentry"],"_links":{"self":[{"href":"https:\/\/toften.se\/toft2020\/wp-json\/wp\/v2\/pages\/147","targetHints":{"allow":["GET"]}}],"collection":[{"href":"https:\/\/toften.se\/toft2020\/wp-json\/wp\/v2\/pages"}],"about":[{"href":"https:\/\/toften.se\/toft2020\/wp-json\/wp\/v2\/types\/page"}],"author":[{"embeddable":true,"href":"https:\/\/toften.se\/toft2020\/wp-json\/wp\/v2\/users\/1"}],"replies":[{"embeddable":true,"href":"https:\/\/toften.se\/toft2020\/wp-json\/wp\/v2\/comments?post=147"}],"version-history":[{"count":19,"href":"https:\/\/toften.se\/toft2020\/wp-json\/wp\/v2\/pages\/147\/revisions"}],"predecessor-version":[{"id":437,"href":"https:\/\/toften.se\/toft2020\/wp-json\/wp\/v2\/pages\/147\/revisions\/437"}],"wp:attachment":[{"href":"https:\/\/toften.se\/toft2020\/wp-json\/wp\/v2\/media?parent=147"}],"curies":[{"name":"wp","href":"https:\/\/api.w.org\/{rel}","templated":true}]}}