{"id":7,"date":"2016-11-02T17:01:59","date_gmt":"2016-11-02T17:01:59","guid":{"rendered":"http:\/\/toften.se\/KarolinskaSkolan\/samlingssida-for-karrodokument\/"},"modified":"2023-10-14T20:49:43","modified_gmt":"2023-10-14T20:49:43","slug":"samlingssida-for-karrodokument","status":"publish","type":"page","link":"https:\/\/toften.se\/KarolinskaSkolan\/","title":{"rendered":"Samlingssida f\u00f6r Karrodokument"},"content":{"rendered":"<p>Denna sida \u00e4r resultat av ett m\u00f6te mellan tv\u00e5 mogna karropiltar, Macolm Cederback med dokument och Torkel Danielsson med lite IT-kunskap. Tillsammans har vi beslutat att l\u00e4gga ut \u00d6rebro-karolinaren i s\u00e5 m\u00e5nga \u00e5rg\u00e5ngar som m\u00f6jligt och annat i digitaliserad form p\u00e5 denna hemsida,<\/p>\n<p>Johan Fredric Bagge skrev 1785 &#8221;BESKRIFNING OM UPSTADEN \u00d6REBRO&#8221;; d\u00e4r finns ett l\u00e4ngre avsnitt om \u00d6rebro Schol\u00e6. Detta har ocks\u00e5 digitaliserats och finns till besk\u00e5dande, spr\u00e5ket \u00e4r inte \u00e4ndrat, men det \u00e4r fullt l\u00e4sbart (\u00e4ven om det finns fel i den \u00f6verf\u00f6rda texten; OCR-l\u00e4sningen slog bakut, s\u00e5 mycket \u00e4r &#8221;hand\u00f6versatt&#8221;).<\/p>\n<p>Malcolm och Torkel i november 2016<\/p>\n<p>Kritik, kommentarer, korrektiv till <a href=\"mailto:torkel@toften.se\">torkel@toften.se<\/a>!<\/p>\n<h4>Uppfyllt delm\u00e5l<\/h4>\n<p>Efter sju \u00e5rs diskontinuerligt slit \u00e4r nu samtliga \u00d6rebroKarolinaren 1939-2023 inlagda (2021-2023\u00a0 f.n. under bearbetning) och uppdaterade (med namn- och ordindex) . I materialet finns s\u00e4kert felaktigheter, som uppt\u00e4ckta g\u00e4rna s\u00e4nds till e-mailadressen ovan. Alla inl\u00e4sta \u00e5rsskrifter \u00e4r utlagda som pdf-filer, men tidiga exemplar (1939-2007) finns ocks\u00e5 i Office-format att h\u00e4mta p\u00e5 beg\u00e4ran (se mailadress ovan) .<\/p>\n<h4>Erland Bohlins Indexering<\/h4>\n<p>I samband med digitaliseringen har det ocks\u00e5 skapats ett namnregister \u00f6ver alla som n\u00e4mnts i \u00d6rebro-Karolinaren genom \u00e5ren (endast namnreferens, inga persondata!). Detta arbete initierades av Erland Bohlin, som \u00f6nskade sig ett s\u00e5dant \u00f6vergripande index. Han hann ocks\u00e5 bilda en projektgrupp f\u00f6r arbetet innan han tyv\u00e4rr gick bort\u00a0 den 12 mars 2020. Vi\u00a0 rodde Erland Bohlins Indexering\u00a0 i hamn under 2020, mycket tack vare hj\u00e4lp fr\u00e5n Pehr Thermaenius och andra st\u00f6ttande krafter.<br \/>\nNamnregister med tillh\u00f6rande sakregister \u00e4r allts\u00e5 under uppbyggnad och f\u00f6r\u00e4ndras l\u00f6pande.<br \/>\nTorkel i okt 2023<\/p>\n","protected":false},"excerpt":{"rendered":"<p>Denna sida \u00e4r resultat av ett m\u00f6te mellan tv\u00e5 mogna karropiltar, Macolm Cederback med dokument och Torkel Danielsson med lite IT-kunskap. Tillsammans har vi beslutat att l\u00e4gga ut \u00d6rebro-karolinaren i s\u00e5 m\u00e5nga \u00e5rg\u00e5ngar som m\u00f6jligt och annat i digitaliserad form p\u00e5 denna hemsida, Johan Fredric Bagge skrev 1785 &#8221;BESKRIFNING OM UPSTADEN \u00d6REBRO&#8221;; d\u00e4r finns ett &hellip; <\/p>\n<p class=\"link-more\"><a href=\"https:\/\/toften.se\/KarolinskaSkolan\/\" class=\"more-link\">Forts\u00e4tt l\u00e4sa<span class=\"screen-reader-text\"> \u201dSamlingssida f\u00f6r Karrodokument\u201d<\/span><\/a><\/p>\n","protected":false},"author":1,"featured_media":0,"parent":0,"menu_order":0,"comment_status":"closed","ping_status":"closed","template":"","meta":{"footnotes":""},"class_list":["post-7","page","type-page","status-publish","hentry"],"_links":{"self":[{"href":"https:\/\/toften.se\/KarolinskaSkolan\/wp-json\/wp\/v2\/pages\/7","targetHints":{"allow":["GET"]}}],"collection":[{"href":"https:\/\/toften.se\/KarolinskaSkolan\/wp-json\/wp\/v2\/pages"}],"about":[{"href":"https:\/\/toften.se\/KarolinskaSkolan\/wp-json\/wp\/v2\/types\/page"}],"author":[{"embeddable":true,"href":"https:\/\/toften.se\/KarolinskaSkolan\/wp-json\/wp\/v2\/users\/1"}],"replies":[{"embeddable":true,"href":"https:\/\/toften.se\/KarolinskaSkolan\/wp-json\/wp\/v2\/comments?post=7"}],"version-history":[{"count":6,"href":"https:\/\/toften.se\/KarolinskaSkolan\/wp-json\/wp\/v2\/pages\/7\/revisions"}],"predecessor-version":[{"id":181,"href":"https:\/\/toften.se\/KarolinskaSkolan\/wp-json\/wp\/v2\/pages\/7\/revisions\/181"}],"wp:attachment":[{"href":"https:\/\/toften.se\/KarolinskaSkolan\/wp-json\/wp\/v2\/media?parent=7"}],"curies":[{"name":"wp","href":"https:\/\/api.w.org\/{rel}","templated":true}]}}