{"id":309,"date":"2018-04-25T13:05:09","date_gmt":"2018-04-25T11:05:09","guid":{"rendered":"https:\/\/toften.se\/Jolosallskapet\/?p=309"},"modified":"2025-11-16T14:36:12","modified_gmt":"2025-11-16T13:36:12","slug":"jolopristagare-2002-mats-lundegard","status":"publish","type":"page","link":"https:\/\/toften.se\/Jolosallskapet\/priser\/jolopristagare-2002-mats-lundegard\/","title":{"rendered":"Jolopristagare 2002 &#8211; Mats Lundeg\u00e5rd"},"content":{"rendered":"<p><img decoding=\"async\" class=\"size-full wp-image-286 alignright\" src=\"https:\/\/toften.se\/Jolosallskapet\/Bilder\/Pris\/MatsLundegard.jpg\" alt=\"\" width=\"220\" height=\"278\" \/><br \/>\nMats Lundeg\u00e5rd \u00e4r reporter och k\u00e5s\u00f6r i Dagens Nyheter. Juryns motivering l\u00f6d:<br \/>\n&#8221;I sin journalistik lyckas han lyfta fram det allm\u00e4nm\u00e4nskliga och vardagsn\u00e4ra i stora v\u00e4rldsh\u00e4ndelser, senast i reportage i Afghanistan. I k\u00e5serierna blir den plats d\u00e4r Mats Lundeg\u00e5rd befinner sig &#8211; det m\u00e5 vara Stockholm eller Levanten &#8211; hans hemtrakt. Som k\u00e5s\u00f6r \u00e4r han spr\u00e5ks\u00e4ker och anspr\u00e5ksl\u00f6s, med en vass penna n\u00e4r det beh\u00f6vs. Och det beh\u00f6vs.&#8221;<\/p>\n<p>I juryn: J\u00f6rgen Cederberg, Stephen Farran-Lee, Caj Lundgren, Kerstin Matz, Kajsa Olsson.<\/p>\n","protected":false},"excerpt":{"rendered":"<p>Mats Lundeg\u00e5rd \u00e4r reporter och k\u00e5s\u00f6r i Dagens Nyheter. Juryns motivering l\u00f6d: &#8221;I sin journalistik lyckas han lyfta fram det allm\u00e4nm\u00e4nskliga och vardagsn\u00e4ra i stora v\u00e4rldsh\u00e4ndelser, senast i reportage i Afghanistan. I k\u00e5serierna blir den plats d\u00e4r Mats Lundeg\u00e5rd befinner sig &#8211; det m\u00e5 vara Stockholm eller Levanten &#8211; hans hemtrakt. Som k\u00e5s\u00f6r \u00e4r han [&hellip;]<\/p>\n","protected":false},"author":2,"featured_media":333,"parent":2140,"menu_order":1,"comment_status":"open","ping_status":"closed","template":"","meta":{"_et_pb_use_builder":"","_et_pb_old_content":"","_et_gb_content_width":"","_crdt_document":"","footnotes":""},"class_list":["post-309","page","type-page","status-publish","has-post-thumbnail","hentry"],"_links":{"self":[{"href":"https:\/\/toften.se\/Jolosallskapet\/wp-json\/wp\/v2\/pages\/309","targetHints":{"allow":["GET"]}}],"collection":[{"href":"https:\/\/toften.se\/Jolosallskapet\/wp-json\/wp\/v2\/pages"}],"about":[{"href":"https:\/\/toften.se\/Jolosallskapet\/wp-json\/wp\/v2\/types\/page"}],"author":[{"embeddable":true,"href":"https:\/\/toften.se\/Jolosallskapet\/wp-json\/wp\/v2\/users\/2"}],"replies":[{"embeddable":true,"href":"https:\/\/toften.se\/Jolosallskapet\/wp-json\/wp\/v2\/comments?post=309"}],"version-history":[{"count":5,"href":"https:\/\/toften.se\/Jolosallskapet\/wp-json\/wp\/v2\/pages\/309\/revisions"}],"predecessor-version":[{"id":1739,"href":"https:\/\/toften.se\/Jolosallskapet\/wp-json\/wp\/v2\/pages\/309\/revisions\/1739"}],"up":[{"embeddable":true,"href":"https:\/\/toften.se\/Jolosallskapet\/wp-json\/wp\/v2\/pages\/2140"}],"wp:featuredmedia":[{"embeddable":true,"href":"https:\/\/toften.se\/Jolosallskapet\/wp-json\/wp\/v2\/media\/333"}],"wp:attachment":[{"href":"https:\/\/toften.se\/Jolosallskapet\/wp-json\/wp\/v2\/media?parent=309"}],"curies":[{"name":"wp","href":"https:\/\/api.w.org\/{rel}","templated":true}]}}