{"id":1537,"date":"2023-03-07T17:12:16","date_gmt":"2023-03-07T16:12:16","guid":{"rendered":"https:\/\/toften.se\/Jolosallskapet\/?p=1537"},"modified":"2025-05-01T12:46:15","modified_gmt":"2025-05-01T10:46:15","slug":"styrelse","status":"publish","type":"page","link":"https:\/\/toften.se\/Jolosallskapet\/valkommen\/styrelse\/","title":{"rendered":"Styrelse"},"content":{"rendered":"<p>[et_pb_section fb_built=&#8221;1&#8243; _builder_version=&#8221;4.16&#8243; global_colors_info=&#8221;{}&#8221;][et_pb_row _builder_version=&#8221;4.22.1&#8243; _module_preset=&#8221;default&#8221; global_colors_info=&#8221;{}&#8221;][et_pb_column type=&#8221;4_4&#8243; _builder_version=&#8221;4.22.1&#8243; _module_preset=&#8221;default&#8221; global_colors_info=&#8221;{}&#8221;][et_pb_text _builder_version=&#8221;4.23.1&#8243; _module_preset=&#8221;default&#8221; global_colors_info=&#8221;{}&#8221;]<\/p>\n<h1><strong>JOLOS\u00c4LLSKAPETS STYRELSE<\/strong><\/h1>\n<p>[\/et_pb_text][et_pb_team_member name=&#8221;Willy Svahn, Link\u00f6ping&#8221; position=&#8221;Ordf\u00f6rande&#8221; image_url=&#8221;https:\/\/toften.se\/Jolosallskapet\/wp-content\/uploads\/2023\/03\/WillySvahn-150&#215;150.png&#8221; _builder_version=&#8221;4.27.0&#8243; _module_preset=&#8221;default&#8221; header_level=&#8221;h3&#8243; header_font=&#8221;||||||||&#8221; border_radii_image=&#8221;on|12px|12px|12px|12px&#8221; border_width_all_image=&#8221;2px&#8221; box_shadow_style_image=&#8221;preset2&#8243; global_colors_info=&#8221;{}&#8221;]<\/p>\n<p>Ledamot sedan 2019, bosatt i Link\u00f6ping. Fastighetsm\u00e4klare. Under 1990- och 2000-talen f\u00f6retagsledare inom dagstidnings- och m\u00e4klarbranscherna.<br \/>Fram till 2007 bosatt p\u00e5 Cypern och ansvarig f\u00f6r Evangeliska Frikyrkans utvecklingsarbete och bist\u00e5nd i ett 10-tal l\u00e4nder i Nordafrika och Mellan\u00f6stern. En n\u00e4stan komplett Jolo-samling ing\u00e5r som en del i ett ganska omfattande privat bibliotek. Styrelseuppdrag i ideella organisationer, bland annat inom kyrka och bok- och biblioteksv\u00e4rlden. Skribent och f\u00f6rfattare till b\u00f6cker om G\u00f6ta kanal, Kinda kanal, folkr\u00f6relse- och kyrkohistoria och artiklar om bokv\u00e4sen. Tillsammans med hustrun Ingegerd varmt intresserad av Jolo som m\u00e4nniska, journalist och f\u00f6rfattare och tacksamma deltagare i de senaste \u00e5rens resor i Jolos fotsp\u00e5r.<\/p>\n<p>[\/et_pb_team_member][et_pb_team_member name=&#8221;Anders Hedberg, Stockholm&#8221; position=&#8221;Skattm\u00e4stare, tf vice ordf\u00f6rande&#8221; image_url=&#8221;https:\/\/toften.se\/Jolosallskapet\/wp-content\/uploads\/2023\/03\/AndersHedberg-147&#215;150.jpg&#8221; _builder_version=&#8221;4.22.1&#8243; _module_preset=&#8221;default&#8221; header_level=&#8221;h3&#8243; header_font=&#8221;||||||||&#8221; border_radii_image=&#8221;on|12px|12px|12px|12px&#8221; border_width_all_image=&#8221;2px&#8221; box_shadow_style_image=&#8221;preset2&#8243; global_colors_info=&#8221;{}&#8221;]<\/p>\n<p><span>Civilekonom med ett arbetsliv inom finansbranschen. Medlem i s\u00e4llskapet sedan slutet av 90-talet. L\u00e4st Jolo sedan tidiga \u00e5r d\u00e5 min far, som bokcirkelorganisat\u00f6r, ofta valde just Jolos b\u00f6cker till sina cirklar.<\/span><br \/><span>Nyfiket bl\u00e4ddrade jag i Chicago, sedan var jag fast, och p\u00e5 den v\u00e4gen \u00e4r det.<\/span><\/p>\n<p>[\/et_pb_team_member][et_pb_team_member name=&#8221;Torbj\u00f6rn Suneson, Uppsala&#8221; position=&#8221;Sekretare&#8221; image_url=&#8221;https:\/\/toften.se\/Jolosallskapet\/wp-content\/uploads\/2023\/03\/TorbjornSunesson-150&#215;150.jpg&#8221; _builder_version=&#8221;4.22.1&#8243; _module_preset=&#8221;default&#8221; header_level=&#8221;h3&#8243; header_font=&#8221;||||||||&#8221; border_radii_image=&#8221;on|12px|12px|12px|12px&#8221; border_width_all_image=&#8221;2px&#8221; box_shadow_style_image=&#8221;preset2&#8243; global_colors_info=&#8221;{}&#8221;]<\/p>\n<div class=\"wp-block-media-text__content\">\n<p>Landskapsarkitekt med f\u00f6rflutet p\u00e5 universitet och p\u00e5 Trafikverket. Kom i kontakt med Jolo p\u00e5 70-talet genom hans b\u00f6cker om f\u00f6rsta v\u00e4rldskriget. Med Jolos\u00e4llskapet 2015, d\u00e5 Agneta Wikstr\u00f6m, som skulle \u00e5ka med till Sarajevo, l\u00e5nade mina b\u00f6cker. Ninni och jag anm\u00e4lde oss omedelbart till s\u00e4llskapet och resan.<\/p>\n<p>&nbsp;<\/p>\n<\/div>\n<p>[\/et_pb_team_member][et_pb_team_member name=&#8221;Hanne Fokdal Barnekow, Stockholm&#8221; position=&#8221;Medlemsansvarig&#8221; image_url=&#8221;https:\/\/toften.se\/Jolosallskapet\/wp-content\/uploads\/2023\/03\/HanneFokdalBarnekow-150&#215;150.jpg&#8221; _builder_version=&#8221;4.22.1&#8243; _module_preset=&#8221;default&#8221; header_level=&#8221;h3&#8243; header_font=&#8221;||||||||&#8221; border_radii_image=&#8221;on|12px|12px|12px|12px&#8221; border_width_all_image=&#8221;2px&#8221; box_shadow_style_image=&#8221;preset2&#8243; global_colors_info=&#8221;{}&#8221;]<\/p>\n<p><span>Frilansjournalist med danskt medborgarskap och erfarenhet innanf\u00f6r de flesta medier, fr\u00e4mst radio, TV och b\u00f6cker och med k\u00f6n, kultur och politik som prim\u00e4ra omr\u00e5den. De senaste \u00e5ren som nordisk utrikeskorrespondent f\u00f6r DR (Danmarks Radio) med bas i Stockholm. Min svenske make, TV-producent Christoffer Barnekow introducerade mig f\u00f6r sin idol, Jolo och han blev ocks\u00e5 min. <\/span><\/p>\n<p>[\/et_pb_team_member][et_pb_team_member name=&#8221;Johan Ers\u00e9us, Nacka&#8221; position=&#8221;Ledamot&#8221; image_url=&#8221;https:\/\/toften.se\/Jolosallskapet\/wp-content\/uploads\/2023\/03\/JohanErseus-150&#215;150.jpg&#8221; _builder_version=&#8221;4.22.1&#8243; _module_preset=&#8221;default&#8221; header_level=&#8221;h3&#8243; header_font=&#8221;||||||||&#8221; border_radii_image=&#8221;on|12px|12px|12px|12px&#8221; border_width_all_image=&#8221;2px&#8221; box_shadow_style_image=&#8221;preset2&#8243; global_colors_info=&#8221;{}&#8221;]<\/p>\n<p>Journalist med f\u00f6rflutet som reporter och chef p\u00e5 Expressen. Sedan tjugo \u00e5r frilansskribent i tidskrifter, fr\u00e5gesportmakare, journalistutbildare, \u00f6vers\u00e4ttare och f\u00f6rfattare. Har bland annat skrivit b\u00f6cker om Astrid Lindgrens liv och filmer, Lennart Nilssons Stockholmsfotografier, Kungsgatans historia och OS i Stockholm 1912.<br \/>Johan \u00e4r redakt\u00f6r f\u00f6r Jolos\u00e4llskapets skrifter, som \u201cAllsvensk idyll\u201d, \u201cKv\u00e4llarna i Helsingfors\u201d och \u201cV\u00e4gen till Sarajevo\u201d. Flitig deltagare i s\u00e4llskapets resor och samlare av Jolo-b\u00f6cker.<\/p>\n<p>[\/et_pb_team_member][et_pb_team_member name=&#8221;Kristian Wedel, G\u00f6teborg&#8221; position=&#8221;Ledamot&#8221; image_url=&#8221;https:\/\/toften.se\/Jolosallskapet\/wp-content\/uploads\/2023\/03\/KristianWedel-150&#215;150.jpg&#8221; _builder_version=&#8221;4.22.1&#8243; _module_preset=&#8221;default&#8221; header_level=&#8221;h3&#8243; header_font=&#8221;||||||||&#8221; border_radii_image=&#8221;on|12px|12px|12px|12px&#8221; border_width_all_image=&#8221;2px&#8221; box_shadow_style_image=&#8221;preset2&#8243; global_colors_info=&#8221;{}&#8221;]<\/p>\n<p><span>Journalist p\u00e5 G\u00f6teborgs-Posten och f\u00f6rfattare. Skriver framf\u00f6r allt om st\u00e4der \u2013 sj\u00e4lvfallet i f\u00f6rsta hand om hemstaden G\u00f6teborg, men har ocks\u00e5 skrivit tv\u00e5 b\u00f6cker om New York. Redakt\u00f6r (tillsammans med Ulf Sveningson) f\u00f6r Jolos\u00e4llskapets skriftserie \u201cUr Jolos klippb\u00f6cker\u201d. L\u00e4ste h\u00f6gt inledningskapitlet i Fritt Nyhavn f\u00f6r dottern Hedvig redan n\u00e4r hon var en vecka gammal. Beh\u00e4rskar tyv\u00e4rr alldeles f\u00f6r m\u00e5nga G\u00f6teborgsvitsar.<\/span><\/p>\n<p>[\/et_pb_team_member][et_pb_team_member name=&#8221;Erik Ohlsson, Stockholm&#8221; position=&#8221;Ledamot&#8221; image_url=&#8221;https:\/\/toften.se\/Jolosallskapet\/wp-content\/uploads\/2023\/03\/ErikOhlsson-150&#215;150.jpg&#8221; _builder_version=&#8221;4.22.1&#8243; _module_preset=&#8221;default&#8221; header_level=&#8221;h3&#8243; header_font=&#8221;||||||||&#8221; border_radii_image=&#8221;on|12px|12px|12px|12px&#8221; border_width_all_image=&#8221;2px&#8221; box_shadow_style_image=&#8221;preset2&#8243; global_colors_info=&#8221;{}&#8221;]<\/p>\n<p><span>Ledamot sedan 2017.<\/span><br \/><span>Journalist. Anst\u00e4lld p\u00e5 Jolos gamla arbetsplats Dagens Nyheter sedan 1988.<\/span><\/p>\n<p>[\/et_pb_team_member][et_pb_team_member name=&#8221;Lars Grahn, Falun&#8221; position=&#8221;Medlemsansvarig&#8221; image_url=&#8221;https:\/\/toften.se\/Jolosallskapet\/wp-content\/uploads\/2023\/11\/LarsGrahn-150&#215;150.jpg&#8221; _builder_version=&#8221;4.27.0&#8243; _module_preset=&#8221;default&#8221; header_level=&#8221;h3&#8243; header_font=&#8221;||||||||&#8221; width=&#8221;100%&#8221; max_width=&#8221;100%&#8221; custom_padding=&#8221;0px|||||&#8221; border_radii_image=&#8221;off|12px|12px|12px|12px&#8221; border_width_all_image=&#8221;5px&#8221; box_shadow_style_image=&#8221;preset2&#8243; locked=&#8221;off&#8221; global_colors_info=&#8221;{}&#8221;]<\/p>\n<p><span>Ledamot sedan 2023.<br \/><\/span><i><\/i>Arbetat \u00a0med f\u00f6rpackningar i Lund, jazzskivor i Stockholm och kollektivtrafik i Borl\u00e4nge.<br \/>Jolol\u00e4sare sedan ungdomen. Inspirerad av dennes nyfikenhet och f\u00f6rdomsfrihet. Den blir aldrig inaktuell.<\/p>\n<div class=\"gmail_default\"><\/div>\n<p>[\/et_pb_team_member][et_pb_team_member name=&#8221;H\u00e5kan Palm&#8221; position=&#8221;Ledamot&#8221; image_url=&#8221;https:\/\/toften.se\/Jolosallskapet\/wp-content\/uploads\/2024\/09\/HakanPalm-150&#215;150.jpg&#8221; _builder_version=&#8221;4.27.0&#8243; _module_preset=&#8221;default&#8221; header_level=&#8221;h3&#8243; header_font=&#8221;||||||||&#8221; custom_padding=&#8221;0px|||||&#8221; border_radii_image=&#8221;on|12px|12px|12px|12px&#8221; border_width_all_image=&#8221;2px&#8221; box_shadow_style_image=&#8221;preset2&#8243; inline_fonts=&#8221;ABeeZee&#8221; global_colors_info=&#8221;{}&#8221;]<\/p>\n<p><span>Ledamot sedan 2024.<\/span><br \/>Johan Ers\u00e9us gav mig &#8221;Eviga f\u00f6ljeslagare&#8221; som reselektyr inf\u00f6r en resa till brittiska \u00f6arna 1985 och har sedan dess med gl\u00e4dje l\u00e4st Jolo. Har varit medlem och med p\u00e5 alla resor sedan London 2008.\u00c4r inte journalist men har fru och dotter inom yrket. Har sedan sent 70-tal haft minst 10 olika uppdrag inom Posten\/PostNord.<\/p>\n<p>[\/et_pb_team_member][et_pb_team_member name=&#8221;Lis Hellstr\u00f6m Sveningson&#8221; position=&#8221;Ledamot&#8221; image_url=&#8221;https:\/\/toften.se\/Jolosallskapet\/wp-content\/uploads\/2025\/04\/LisHellstromSveningson-150&#215;150.jpeg&#8221; _builder_version=&#8221;4.27.4&#8243; _module_preset=&#8221;default&#8221; header_level=&#8221;h3&#8243; header_font=&#8221;||||||||&#8221; custom_margin=&#8221;||-5px|||&#8221; custom_padding=&#8221;0px||1px|||&#8221; border_radii_image=&#8221;off|10px|18px|10px|10px&#8221; border_radii_image_last_edited=&#8221;off|desktop&#8221; global_colors_info=&#8221;{}&#8221;]<\/p>\n<p><span>Ledamot sedan 2025<\/span><\/p>\n<p><span>Lis Hellstr\u00f6m Sveningson \u00e4r journalist med 40 \u00e5rs erfarenhet av alla olika medier. Hon arbetar som frilans och bevakar idag framf\u00f6r allt kulturomr\u00e5det i vid mening som kritiker av dans och teater samt reporter och kr\u00f6nik\u00f6r. Vid sidan av journalistiken undervisar hon i skrivande och presentation p\u00e5 en rad olika utbildningar och \u00e4r ocks\u00e5 anlitad som f\u00f6rel\u00e4sare, samtalsledare och debatt\u00f6r. Hennes bok Ellen Key mitt i v\u00e4rlden utgavs p\u00e5 Folkuniversitetets Akademiska Press 2011.<\/span><\/p>\n<p><span><\/span><\/p>\n<p>[\/et_pb_team_member][\/et_pb_column][\/et_pb_row][et_pb_row _builder_version=&#8221;4.23.1&#8243; _module_preset=&#8221;default&#8221; global_colors_info=&#8221;{}&#8221;][et_pb_column type=&#8221;4_4&#8243; _builder_version=&#8221;4.23.1&#8243; _module_preset=&#8221;default&#8221; global_colors_info=&#8221;{}&#8221;][et_pb_team_member name=&#8221;Torkel Danielsson, Liding\u00f6&#8221; position=&#8221;Teknikansvarig hemsidan&#8221; image_url=&#8221;https:\/\/toften.se\/Jolosallskapet\/wp-content\/uploads\/2023\/03\/TorkelDanielsson-150&#215;150.jpg&#8221; _builder_version=&#8221;4.27.4&#8243; _module_preset=&#8221;default&#8221; header_level=&#8221;h3&#8243; header_font=&#8221;||||||||&#8221; custom_padding=&#8221;0px||0px|||&#8221; border_radii_image=&#8221;on|12px|12px|12px|12px&#8221; box_shadow_style_image=&#8221;preset2&#8243; locked=&#8221;off&#8221; global_colors_info=&#8221;{}&#8221;]<\/p>\n<p><span>Ledamot sedan 2017.<\/span><br \/><span>Programmerare, kan skriva FA-kod f\u00f6r BESK.<\/span><br \/><span>L\u00e4st Jolo kontinuerligt sedan tidiga ton\u00e5r p\u00e5 1950-talet, fascinerad av hans f\u00f6rm\u00e5ga att se det lilla i det stora (och vice versa). <br \/><\/span><\/p>\n<p>[\/et_pb_team_member][\/et_pb_column][\/et_pb_row][\/et_pb_section]<\/p>\n","protected":false},"excerpt":{"rendered":"<p>JOLOS\u00c4LLSKAPETS STYRELSELedamot sedan 2019, bosatt i Link\u00f6ping. Fastighetsm\u00e4klare. Under 1990- och 2000-talen f\u00f6retagsledare inom dagstidnings- och m\u00e4klarbranscherna.Fram till 2007 bosatt p\u00e5 Cypern och ansvarig f\u00f6r Evangeliska Frikyrkans utvecklingsarbete och bist\u00e5nd i ett 10-tal l\u00e4nder i Nordafrika och Mellan\u00f6stern. En n\u00e4stan komplett Jolo-samling ing\u00e5r som en del i ett ganska omfattande privat bibliotek. Styrelseuppdrag i ideella [&hellip;]<\/p>\n","protected":false},"author":1,"featured_media":0,"parent":226,"menu_order":3,"comment_status":"closed","ping_status":"closed","template":"","meta":{"_et_pb_use_builder":"on","_et_pb_old_content":"<!-- wp:media-text {\"align\":\"wide\",\"mediaPosition\":\"right\",\"mediaId\":1558,\"mediaLink\":\"https:\/\/toften.se\/Jolosallskapet\/anderssandstrom\/\",\"mediaType\":\"image\",\"mediaWidth\":15} -->\n<div class=\"wp-block-media-text alignwide has-media-on-the-right is-stacked-on-mobile\" style=\"grid-template-columns:auto 15%\"><div class=\"wp-block-media-text__content\"><!-- wp:paragraph {\"placeholder\":\"Content\u2026\"} -->\n<p><strong>Anders Sandstr\u00f6m<\/strong>, Uppsala, ordf\u00f6rande<br>Har arbetat som stiftsjurist inom Svenska kyrkan. Medlem i Jolos\u00e4llskapet och i styrelsen fr\u00e5n S\u00e4llskapets bildande, 1997, f\u00f6rst som skattm\u00e4stare, och \u00e4r sedan 2009 ordf\u00f6rande.<\/p>\n<!-- \/wp:paragraph --><\/div><figure class=\"wp-block-media-text__media\"><img src=\"https:\/\/toften.se\/Jolosallskapet\/wp-content\/uploads\/2023\/03\/AndersSandstrom.jpg\" alt=\"\" class=\"wp-image-1558 size-full\"\/><\/figure><\/div>\n<!-- \/wp:media-text -->\n\n<!-- wp:media-text {\"align\":\"wide\",\"mediaPosition\":\"right\",\"mediaId\":1551,\"mediaLink\":\"https:\/\/toften.se\/Jolosallskapet\/willysvahn\/\",\"mediaType\":\"image\",\"mediaWidth\":16} -->\n<div class=\"wp-block-media-text alignwide has-media-on-the-right is-stacked-on-mobile\" style=\"grid-template-columns:auto 16%\"><div class=\"wp-block-media-text__content\"><!-- wp:paragraph {\"placeholder\":\"Content\u2026\"} -->\n<p><strong>Willy Svahn,<\/strong> ledamot sedan 2019, vice ordf\u00f6rande, bosatt i Link\u00f6ping. Fastighetsm\u00e4klare. Under 1990- och 2000-talen f\u00f6retagsledare inom dagstidnings- och m\u00e4klarbranscherna.&nbsp;<br>Fram till 2007 bosatt p\u00e5 Cypern och ansvarig f\u00f6r Evangeliska Frikyrkans utvecklingsarbete och bist\u00e5nd i ett 10-tal l\u00e4nder i Nordafrika och Mellan\u00f6stern. En n\u00e4stan komplett Jolo-samling ing\u00e5r som en del i ett ganska omfattande privat bibliotek. Styrelseuppdrag i ideella organisationer, bland annat inom kyrka och bok- och biblioteksv\u00e4rlden. Skribent och f\u00f6rfattare till b\u00f6cker om G\u00f6ta kanal, Kinda kanal, folkr\u00f6relse- och kyrkohistoria och artiklar om bokv\u00e4sen. Tillsammans med hustrun Ingegerd varmt intresserad av Jolo som m\u00e4nniska, journalist och f\u00f6rfattare och tacksamma deltagare i de senaste \u00e5rens resor i Jolos fotsp\u00e5r.&nbsp;<\/p>\n<!-- \/wp:paragraph --><\/div><figure class=\"wp-block-media-text__media\"><img src=\"https:\/\/toften.se\/Jolosallskapet\/wp-content\/uploads\/2023\/03\/WillySvahn.png\" alt=\"\" class=\"wp-image-1551 size-full\"\/><\/figure><\/div>\n<!-- \/wp:media-text -->\n\n<!-- wp:media-text {\"align\":\"wide\",\"mediaPosition\":\"right\",\"mediaId\":1559,\"mediaLink\":\"https:\/\/toften.se\/Jolosallskapet\/andershedberg\/\",\"mediaType\":\"image\",\"mediaWidth\":15} -->\n<div class=\"wp-block-media-text alignwide has-media-on-the-right is-stacked-on-mobile\" style=\"grid-template-columns:auto 15%\"><div class=\"wp-block-media-text__content\"><!-- wp:paragraph {\"placeholder\":\"Content\u2026\"} -->\n<p><strong>Anders Hedberg,<\/strong> Stockholm, skattm\u00e4stare<br>Civilekonom med ett arbetsliv inom finansbranschen. Medlem i s\u00e4llskapet sedan slutet av 90-talet. L\u00e4st Jolo sedan tidiga \u00e5r d\u00e5 min far, som bokcirkelorganisat\u00f6r, ofta valde just Jolos b\u00f6cker till sina cirklar.<br>Nyfiket bl\u00e4ddrade jag i Chicago, sedan var jag fast, och p\u00e5 den v\u00e4gen \u00e4r det.<\/p>\n<!-- \/wp:paragraph --><\/div><figure class=\"wp-block-media-text__media\"><img src=\"https:\/\/toften.se\/Jolosallskapet\/wp-content\/uploads\/2023\/03\/AndersHedberg.jpg\" alt=\"\" class=\"wp-image-1559 size-full\"\/><\/figure><\/div>\n<!-- \/wp:media-text -->\n\n<!-- wp:media-text {\"align\":\"wide\",\"mediaPosition\":\"right\",\"mediaId\":1553,\"mediaLink\":\"https:\/\/toften.se\/Jolosallskapet\/torbjornsunesson\/\",\"mediaType\":\"image\",\"mediaWidth\":15} -->\n<div class=\"wp-block-media-text alignwide has-media-on-the-right is-stacked-on-mobile\" style=\"grid-template-columns:auto 15%\"><div class=\"wp-block-media-text__content\"><!-- wp:paragraph {\"placeholder\":\"Content\u2026\"} -->\n<p><strong>Torbj\u00f6rn Suneson, Uppsala, <\/strong>sekreterare<br>Landskapsarkitekt med f\u00f6rflutet p\u00e5 universitet och p\u00e5 Trafikverket. Kom i kontakt med Jolo p\u00e5 70-talet genom hans b\u00f6cker om f\u00f6rsta v\u00e4rldskriget. Med Jolos\u00e4llskapet 2015, d\u00e5 Agneta Wikstr\u00f6m, som skulle \u00e5ka med till Sarajevo, l\u00e5nade mina b\u00f6cker. Ninni och jag anm\u00e4lde oss omedelbart till s\u00e4llskapet och resan.<\/p>\n<!-- \/wp:paragraph --><\/div><figure class=\"wp-block-media-text__media\"><img src=\"https:\/\/toften.se\/Jolosallskapet\/wp-content\/uploads\/2023\/03\/TorbjornSunesson-700x1050.jpg\" alt=\"\" class=\"wp-image-1553 size-full\"\/><\/figure><\/div>\n<!-- \/wp:media-text -->\n\n<!-- wp:media-text {\"align\":\"wide\",\"mediaPosition\":\"right\",\"mediaId\":1556,\"mediaLink\":\"https:\/\/toften.se\/Jolosallskapet\/hannefokdalbarnekow\/\",\"mediaType\":\"image\",\"mediaWidth\":15} -->\n<div class=\"wp-block-media-text alignwide has-media-on-the-right is-stacked-on-mobile\" style=\"grid-template-columns:auto 15%\"><div class=\"wp-block-media-text__content\"><!-- wp:paragraph {\"placeholder\":\"Content\u2026\"} -->\n<p><strong>Hanne Fokdal Barnekow, <\/strong>vice sekreterare, journalist, bosatt i&nbsp;Stockholm.<\/p>\n<!-- \/wp:paragraph --><\/div><figure class=\"wp-block-media-text__media\"><img src=\"https:\/\/toften.se\/Jolosallskapet\/wp-content\/uploads\/2023\/03\/HanneFokdalBarnekow-700x1171.jpg\" alt=\"\" class=\"wp-image-1556 size-full\"\/><\/figure><\/div>\n<!-- \/wp:media-text -->\n\n<!-- wp:media-text {\"align\":\"wide\",\"mediaPosition\":\"right\",\"mediaId\":1554,\"mediaLink\":\"https:\/\/toften.se\/Jolosallskapet\/ollesandstrom\/\",\"mediaType\":\"image\",\"mediaWidth\":15} -->\n<div class=\"wp-block-media-text alignwide has-media-on-the-right is-stacked-on-mobile\" style=\"grid-template-columns:auto 15%\"><div class=\"wp-block-media-text__content\"><!-- wp:paragraph {\"placeholder\":\"Content\u2026\"} -->\n<p><strong>Olle Sandstr\u00f6m,<\/strong> Uppsala, medlemsansvarig.<br>Har varit medlem i s\u00e4llskapet sedan 1999 och ledamot i styrelsen sedan 2009. Skattm\u00e4stare och medlemsansvarig 2012-2018, medlemsansvarig sedan 2018. Pensionerad adjunkt och bror till Anders, v\u00e5r ordf\u00f6rande.<br>Har deltagit i planerandet av resorna sedan 2007 samt varit aktiv i framst\u00e4llandet av s\u00e4llskapets bokslut 2003-2017. Aktiv medlem i Uppsala-Lenna Jernv\u00e4g.<\/p>\n<!-- \/wp:paragraph --><\/div><figure class=\"wp-block-media-text__media\"><img src=\"https:\/\/toften.se\/Jolosallskapet\/wp-content\/uploads\/2023\/03\/OlleSandstrom.jpg\" alt=\"\" class=\"wp-image-1554 size-full\"\/><\/figure><\/div>\n<!-- \/wp:media-text -->\n\n<!-- wp:media-text {\"align\":\"wide\",\"mediaPosition\":\"right\",\"mediaId\":1555,\"mediaLink\":\"https:\/\/toften.se\/Jolosallskapet\/johanerseus\/\",\"mediaType\":\"image\",\"mediaWidth\":15} -->\n<div class=\"wp-block-media-text alignwide has-media-on-the-right is-stacked-on-mobile\" style=\"grid-template-columns:auto 15%\"><div class=\"wp-block-media-text__content\"><!-- wp:paragraph {\"placeholder\":\"Content\u2026\"} -->\n<p><strong>Johan Ers\u00e9us<\/strong>,&nbsp;Nacka, ledamot<br>Journalist med f\u00f6rflutet som reporter och chef p\u00e5 Expressen. Sedan tjugo \u00e5r frilansskribent i tidskrifter, fr\u00e5gesportmakare, journalistutbildare, \u00f6vers\u00e4ttare och f\u00f6rfattare. Har bland annat skrivit b\u00f6cker om Astrid Lindgrens liv och filmer, Lennart Nilssons Stockholmsfotografier, Kungsgatans historia och OS i Stockholm 1912.<br>Johan \u00e4r redakt\u00f6r f\u00f6r Jolos\u00e4llskapets skrifter, som \"Allsvensk idyll\", \"Kv\u00e4llarna i Helsingfors\" och \"V\u00e4gen till Sarajevo\". Flitig deltagare i s\u00e4llskapets resor och samlare av Jolo-b\u00f6cker.<\/p>\n<!-- \/wp:paragraph --><\/div><figure class=\"wp-block-media-text__media\"><img src=\"https:\/\/toften.se\/Jolosallskapet\/wp-content\/uploads\/2023\/03\/JohanErseus-700x819.jpg\" alt=\"\" class=\"wp-image-1555 size-full\"\/><\/figure><\/div>\n<!-- \/wp:media-text -->\n\n<!-- wp:media-text {\"align\":\"wide\",\"mediaPosition\":\"right\",\"mediaId\":1564,\"mediaLink\":\"https:\/\/toften.se\/Jolosallskapet\/2023\/03\/07\/styrelse\/kristianwedel\/\",\"mediaType\":\"image\",\"mediaWidth\":15} -->\n<div class=\"wp-block-media-text alignwide has-media-on-the-right is-stacked-on-mobile\" style=\"grid-template-columns:auto 15%\"><div class=\"wp-block-media-text__content\"><!-- wp:paragraph -->\n<p><strong>Kristian Wedel,<\/strong> G\u00f6teborg, ledamot<br>Journalist p\u00e5 G\u00f6teborgs-Posten och f\u00f6rfattare. Skriver framf\u00f6r allt om st\u00e4der \u2013 sj\u00e4lvfallet i f\u00f6rsta hand om hemstaden G\u00f6teborg, men har ocks\u00e5 skrivit tv\u00e5 b\u00f6cker om New York. Redakt\u00f6r (tillsammans med Ulf Sveningson) f\u00f6r Jolos\u00e4llskapets skriftserie \"Ur Jolos klippb\u00f6cker\". L\u00e4ste h\u00f6gt inledningskapitlet i Fritt Nyhavn f\u00f6r dottern Hedvig redan n\u00e4r hon var en vecka gammal. Beh\u00e4rskar tyv\u00e4rr alldeles f\u00f6r m\u00e5nga G\u00f6teborgsvitsar.<\/p>\n<!-- \/wp:paragraph --><\/div><figure class=\"wp-block-media-text__media\"><img src=\"https:\/\/toften.se\/Jolosallskapet\/wp-content\/uploads\/2023\/03\/KristianWedel.jpg\" alt=\"\" class=\"wp-image-1564 size-full\"\/><\/figure><\/div>\n<!-- \/wp:media-text -->\n\n<!-- wp:media-text {\"align\":\"wide\",\"mediaPosition\":\"right\",\"mediaId\":1557,\"mediaLink\":\"https:\/\/toften.se\/Jolosallskapet\/erikohlsson\/\",\"mediaType\":\"image\",\"mediaWidth\":15} -->\n<div class=\"wp-block-media-text alignwide has-media-on-the-right is-stacked-on-mobile\" style=\"grid-template-columns:auto 15%\"><div class=\"wp-block-media-text__content\"><!-- wp:paragraph -->\n<p><strong>Erik Ohlsson<\/strong>, journalist, Stockholm, ledamot sedan 2015, anst\u00e4lld p\u00e5 Jolos gamla arbetsplats Dagens Nyheter sedan 1988.<\/p>\n<!-- \/wp:paragraph --><\/div><figure class=\"wp-block-media-text__media\"><img src=\"https:\/\/toften.se\/Jolosallskapet\/wp-content\/uploads\/2023\/03\/ErikOhlsson.jpg\" alt=\"\" class=\"wp-image-1557 size-full\"\/><\/figure><\/div>\n<!-- \/wp:media-text -->\n\n<!-- wp:media-text {\"align\":\"wide\",\"mediaPosition\":\"right\",\"mediaId\":1581,\"mediaLink\":\"https:\/\/toften.se\/Jolosallskapet\/torkeldanielsson-2\/\",\"mediaType\":\"image\",\"mediaWidth\":15} -->\n<div class=\"wp-block-media-text alignwide has-media-on-the-right is-stacked-on-mobile\" style=\"grid-template-columns:auto 15%\"><div class=\"wp-block-media-text__content\"><!-- wp:paragraph -->\n<p><strong>Torkel Danielsson,<\/strong> Liding\u00f6, ledamot sedan 2017.<br>Programmerare, kan skriva FA-kod f\u00f6r BESK. <br>L\u00e4st Jolo sedan 1960-talet.<br>Teknikansvarig hemsidan.<\/p>\n<!-- \/wp:paragraph --><\/div><figure class=\"wp-block-media-text__media\"><img src=\"https:\/\/toften.se\/Jolosallskapet\/wp-content\/uploads\/2023\/03\/TorkelDanielsson-1-700x666.jpg\" alt=\"\" class=\"wp-image-1581 size-full\"\/><\/figure><\/div>\n<!-- \/wp:media-text -->\n\n<!-- wp:paragraph -->\n<p><\/p>\n<!-- \/wp:paragraph -->","_et_gb_content_width":"","_crdt_document":"","footnotes":""},"class_list":["post-1537","page","type-page","status-publish","hentry"],"_links":{"self":[{"href":"https:\/\/toften.se\/Jolosallskapet\/wp-json\/wp\/v2\/pages\/1537","targetHints":{"allow":["GET"]}}],"collection":[{"href":"https:\/\/toften.se\/Jolosallskapet\/wp-json\/wp\/v2\/pages"}],"about":[{"href":"https:\/\/toften.se\/Jolosallskapet\/wp-json\/wp\/v2\/types\/page"}],"author":[{"embeddable":true,"href":"https:\/\/toften.se\/Jolosallskapet\/wp-json\/wp\/v2\/users\/1"}],"replies":[{"embeddable":true,"href":"https:\/\/toften.se\/Jolosallskapet\/wp-json\/wp\/v2\/comments?post=1537"}],"version-history":[{"count":40,"href":"https:\/\/toften.se\/Jolosallskapet\/wp-json\/wp\/v2\/pages\/1537\/revisions"}],"predecessor-version":[{"id":2505,"href":"https:\/\/toften.se\/Jolosallskapet\/wp-json\/wp\/v2\/pages\/1537\/revisions\/2505"}],"up":[{"embeddable":true,"href":"https:\/\/toften.se\/Jolosallskapet\/wp-json\/wp\/v2\/pages\/226"}],"wp:attachment":[{"href":"https:\/\/toften.se\/Jolosallskapet\/wp-json\/wp\/v2\/media?parent=1537"}],"curies":[{"name":"wp","href":"https:\/\/api.w.org\/{rel}","templated":true}]}}