{"id":1467,"date":"2023-03-02T16:28:40","date_gmt":"2023-03-02T15:28:40","guid":{"rendered":"https:\/\/toften.se\/Jolosallskapet\/?p=1467"},"modified":"2025-11-13T19:18:21","modified_gmt":"2025-11-13T18:18:21","slug":"jolobocker","status":"publish","type":"page","link":"https:\/\/toften.se\/Jolosallskapet\/jolobocker\/","title":{"rendered":"Jolob\u00f6cker"},"content":{"rendered":"<p>[et_pb_section fb_built=&#8221;1&#8243; _builder_version=&#8221;4.16&#8243; global_colors_info=&#8221;{}&#8221;][et_pb_row _builder_version=&#8221;4.16&#8243; background_size=&#8221;initial&#8221; background_position=&#8221;top_left&#8221; background_repeat=&#8221;repeat&#8221; global_colors_info=&#8221;{}&#8221;][et_pb_column type=&#8221;4_4&#8243; _builder_version=&#8221;4.16&#8243; custom_padding=&#8221;|||&#8221; global_colors_info=&#8221;{}&#8221; custom_padding__hover=&#8221;|||&#8221;][et_pb_text _builder_version=&#8221;4.16&#8243; background_size=&#8221;initial&#8221; background_position=&#8221;top_left&#8221; background_repeat=&#8221;repeat&#8221; global_colors_info=&#8221;{}&#8221;]<\/p>\n<h1 style=\"text-align: center;\"><!-- divi:paragraph --><\/h1>\n<h1 style=\"text-align: center;\">Jolob\u00f6cker<\/h1>\n<p>Jolo gav ut ett antal b\u00f6cker, n\u00e5gra tillsammans med Margareta Sj\u00f6gren. <br \/>Dessutom finns Jolos texter i b\u00f6cker utgivna efter hans bortg\u00e5ng, liksom verk om Jolo. L\u00e4nkar till dessa finns nedan; varje l\u00e4nk visar bilder av b\u00f6cker. Genom att markera en bok, kommer man \u00e5t underliggande beskrivning.<\/p>\n<p><!-- \/divi:paragraph --><!-- divi:list --><\/p>\n<ul><!-- divi:list-item --><\/p>\n<li><a href=\"https:\/\/toften.se\/Jolosallskapet\/2023\/03\/02\/av-jolo\/\" data-type=\"post\" data-id=\"1387\">Jolos egna b\u00f6cker<\/a><\/li>\n<p><!-- \/divi:list-item --><!-- divi:list-item --><\/p>\n<li><a href=\"https:\/\/toften.se\/Jolosallskapet\/2023\/03\/02\/av-jolo-och-margareta\/\" data-type=\"post\" data-id=\"1443\">Med Margareta<\/a><\/li>\n<li><a href=\"Av%20Margareta\">Av Maragreta<\/a><\/li>\n<p><!-- \/divi:list-item --><!-- divi:list-item --><\/p>\n<li><a href=\"https:\/\/toften.se\/Jolosallskapet\/2023\/03\/01\/av-och-med-jolo\/\" data-type=\"post\" data-id=\"1364\">\u00d6vriga b\u00f6cker och texter<\/a><\/li>\n<p><!-- \/divi:list-item --><\/ul>\n<p><!-- \/divi:list --><!-- divi:paragraph --><\/p>\n<p>Tisdagen den 9 februari 2016 diskuterades Jolos stil, dvs s\u00e4tt att skriva, av\u00a0 Stephen Farran-Lee, Niklas R\u00e5dstr\u00f6m, Vibeke Olsson, Johan Ers\u00e9us och Kristian Wedel inf\u00f6r 45 medlemmar. <br \/><a href=\"https:\/\/toften.se\/Jolosallskapet\/wp-content\/uploads\/2023\/03\/OmJolosstil.mp3\">Hanne Fokdal Barnekow spelade in det hela, lyssna!<\/a><\/p>\n<p><!-- \/divi:paragraph -->[\/et_pb_text][\/et_pb_column][\/et_pb_row][\/et_pb_section]<\/p>\n","protected":false},"excerpt":{"rendered":"<p>Jolob\u00f6cker Jolo gav ut ett antal b\u00f6cker, n\u00e5gra tillsammans med Margareta Sj\u00f6gren. Dessutom finns Jolos texter i b\u00f6cker utgivna efter hans bortg\u00e5ng, liksom verk om Jolo. L\u00e4nkar till dessa finns nedan; varje l\u00e4nk visar bilder av b\u00f6cker. Genom att markera en bok, kommer man \u00e5t underliggande beskrivning. Jolos egna b\u00f6cker Med Margareta Av Maragreta \u00d6vriga [&hellip;]<\/p>\n","protected":false},"author":2,"featured_media":0,"parent":0,"menu_order":0,"comment_status":"closed","ping_status":"closed","template":"","meta":{"_et_pb_use_builder":"on","_et_pb_old_content":"<!-- wp:paragraph -->\n<p>Jolo gav ut ett antal b\u00f6cker, n\u00e5gra tillsammans med Margareta Sj\u00f6gren. <br>Dessutom finns Jolos texter i b\u00f6cker utgivna efter hans bortg\u00e5ng, liksom verk om Jolo. L\u00e4nkar till dessa finns nedan; varje l\u00e4nk visar bilder av b\u00f6cker. Genom att markera en bok, kommer man \u00e5t underliggande beskrivning.<\/p>\n<!-- \/wp:paragraph -->\n\n<!-- wp:list -->\n<ul><!-- wp:list-item -->\n<li><a href=\"https:\/\/toften.se\/Jolosallskapet\/2023\/03\/02\/av-jolo\/\" data-type=\"post\" data-id=\"1387\">Jolos egna b\u00f6cker<\/a><\/li>\n<!-- \/wp:list-item -->\n\n<!-- wp:list-item -->\n<li><a href=\"https:\/\/toften.se\/Jolosallskapet\/2023\/03\/02\/av-jolo-och-margareta\/\" data-type=\"post\" data-id=\"1443\">Med Margareta<\/a><\/li>\n<!-- \/wp:list-item -->\n\n<!-- wp:list-item -->\n<li><a href=\"https:\/\/toften.se\/Jolosallskapet\/2023\/03\/01\/av-och-med-jolo\/\" data-type=\"post\" data-id=\"1364\">\u00d6vriga b\u00f6cker och texter<\/a><\/li>\n<!-- \/wp:list-item --><\/ul>\n<!-- \/wp:list -->\n\n<!-- wp:paragraph -->\n<p>Tisdagen den 9 februari 2016 diskuterades Jolos stil, dvs s\u00e4tt att skriva, av&nbsp; Stephen Farran-Lee, Niklas R\u00e5dstr\u00f6m, Vibeke Olsson, Johan Ers\u00e9us och Kristian Wedel inf\u00f6r 45 medlemmar. <br><a href=\"https:\/\/toften.se\/Jolosallskapet\/wp-content\/uploads\/2023\/03\/OmJolosstil.mp3\">Hanne Fokdal Barnekow spelade in det hela, lyssna!<\/a><\/p>\n<!-- \/wp:paragraph -->","_et_gb_content_width":"","_crdt_document":"","footnotes":""},"class_list":["post-1467","page","type-page","status-publish","hentry"],"_links":{"self":[{"href":"https:\/\/toften.se\/Jolosallskapet\/wp-json\/wp\/v2\/pages\/1467","targetHints":{"allow":["GET"]}}],"collection":[{"href":"https:\/\/toften.se\/Jolosallskapet\/wp-json\/wp\/v2\/pages"}],"about":[{"href":"https:\/\/toften.se\/Jolosallskapet\/wp-json\/wp\/v2\/types\/page"}],"author":[{"embeddable":true,"href":"https:\/\/toften.se\/Jolosallskapet\/wp-json\/wp\/v2\/users\/2"}],"replies":[{"embeddable":true,"href":"https:\/\/toften.se\/Jolosallskapet\/wp-json\/wp\/v2\/comments?post=1467"}],"version-history":[{"count":8,"href":"https:\/\/toften.se\/Jolosallskapet\/wp-json\/wp\/v2\/pages\/1467\/revisions"}],"predecessor-version":[{"id":2729,"href":"https:\/\/toften.se\/Jolosallskapet\/wp-json\/wp\/v2\/pages\/1467\/revisions\/2729"}],"wp:attachment":[{"href":"https:\/\/toften.se\/Jolosallskapet\/wp-json\/wp\/v2\/media?parent=1467"}],"curies":[{"name":"wp","href":"https:\/\/api.w.org\/{rel}","templated":true}]}}