{"id":1286,"date":"2023-02-27T18:28:27","date_gmt":"2023-02-27T17:28:27","guid":{"rendered":"https:\/\/toften.se\/Jolosallskapet\/?p=1286"},"modified":"2025-11-16T14:26:25","modified_gmt":"2025-11-16T13:26:25","slug":"lillibeth-lamnar-sitt-land","status":"publish","type":"page","link":"https:\/\/toften.se\/Jolosallskapet\/jolobocker\/av-jolo\/lillibeth-lamnar-sitt-land\/","title":{"rendered":"Lillibeth l\u00e4mnar sitt land"},"content":{"rendered":"<p><em>Jolos\u00e4llskapets skrift nr 5, 2010<\/em><br \/>\n<em>Redakt\u00f6rer: Kristian Wedel och Ulf Sveningson<\/em><br \/>\n\u201dVi tog henne l\u00e4ngs Embankment l\u00e4ngs The<img decoding=\"async\" class=\"size-medium wp-image-1287 alignright\" src=\"https:\/\/toften.se\/Jolosallskapet\/wp-content\/uploads\/2023\/02\/Lillibeth-lamnar-sitt-land-178x300.png\" alt=\"\" width=\"178\" height=\"300\" srcset=\"https:\/\/toften.se\/Jolosallskapet\/wp-content\/uploads\/2023\/02\/Lillibeth-lamnar-sitt-land-178x300.png 178w, https:\/\/toften.se\/Jolosallskapet\/wp-content\/uploads\/2023\/02\/Lillibeth-lamnar-sitt-land.png 360w\" sizes=\"(max-width: 178px) 100vw, 178px\" \/>msen, mellan magasinen i dockorna f\u00f6rbi Towern, genom \u00f6sligheten i Limehouse och Stepney, f\u00f6rbi gasklockorna i East Ham ut till Tilburyv\u00e4gen, d\u00e4r men knappast kan ana det gr\u00f6na England. Hon rullade fram lite blygt p\u00e5 kajen till den svenska Lloydb\u00e5ten \u201dSuecia\u201d och st\u00e4llde sig i k\u00f6n av bilar som ville med. De skulle alla hem, men hon \u00e5kte hemifr\u00e5n till fr\u00e4mmande folkhem, och vi undrar just nu om vi \u00e4r sn\u00e4lla mot henne\u201d.<br \/>\nS\u00e5 h\u00e4r skrev Jan Olof Olsson \u2013 signaturen Jolo \u2013 i Dagens Nyheter den 10 november 1953.<br \/>\nDet \u00f6msinta k\u00e5seriet om Londontaxin Lillibeth och ytterliga sju Jolok\u00e5serier av b\u00e4sta m\u00e4rke presenteras i denna lilla volym \u2013 den f\u00f6rsta i serien \u201dUr Jolos klippb\u00f6cker\u201d, utgiven av Jolos\u00e4llskapet.<\/p>\n","protected":false},"excerpt":{"rendered":"<p>Jolos\u00e4llskapets skrift nr 5, 2010 Redakt\u00f6rer: Kristian Wedel och Ulf Sveningson \u201dVi tog henne l\u00e4ngs Embankment l\u00e4ngs Themsen, mellan magasinen i dockorna f\u00f6rbi Towern, genom \u00f6sligheten i Limehouse och Stepney, f\u00f6rbi gasklockorna i East Ham ut till Tilburyv\u00e4gen, d\u00e4r men knappast kan ana det gr\u00f6na England. Hon rullade fram lite blygt p\u00e5 kajen till den [&hellip;]<\/p>\n","protected":false},"author":2,"featured_media":0,"parent":1387,"menu_order":0,"comment_status":"closed","ping_status":"closed","template":"","meta":{"_et_pb_use_builder":"","_et_pb_old_content":"","_et_gb_content_width":"","_crdt_document":"","footnotes":""},"class_list":["post-1286","page","type-page","status-publish","hentry"],"_links":{"self":[{"href":"https:\/\/toften.se\/Jolosallskapet\/wp-json\/wp\/v2\/pages\/1286","targetHints":{"allow":["GET"]}}],"collection":[{"href":"https:\/\/toften.se\/Jolosallskapet\/wp-json\/wp\/v2\/pages"}],"about":[{"href":"https:\/\/toften.se\/Jolosallskapet\/wp-json\/wp\/v2\/types\/page"}],"author":[{"embeddable":true,"href":"https:\/\/toften.se\/Jolosallskapet\/wp-json\/wp\/v2\/users\/2"}],"replies":[{"embeddable":true,"href":"https:\/\/toften.se\/Jolosallskapet\/wp-json\/wp\/v2\/comments?post=1286"}],"version-history":[{"count":1,"href":"https:\/\/toften.se\/Jolosallskapet\/wp-json\/wp\/v2\/pages\/1286\/revisions"}],"predecessor-version":[{"id":1288,"href":"https:\/\/toften.se\/Jolosallskapet\/wp-json\/wp\/v2\/pages\/1286\/revisions\/1288"}],"up":[{"embeddable":true,"href":"https:\/\/toften.se\/Jolosallskapet\/wp-json\/wp\/v2\/pages\/1387"}],"wp:attachment":[{"href":"https:\/\/toften.se\/Jolosallskapet\/wp-json\/wp\/v2\/media?parent=1286"}],"curies":[{"name":"wp","href":"https:\/\/api.w.org\/{rel}","templated":true}]}}