{"id":1275,"date":"2023-02-27T17:34:21","date_gmt":"2023-02-27T16:34:21","guid":{"rendered":"https:\/\/toften.se\/Jolosallskapet\/?p=1275"},"modified":"2025-11-16T14:30:06","modified_gmt":"2025-11-16T13:30:06","slug":"mannen-med-de-29-kostymerna","status":"publish","type":"page","link":"https:\/\/toften.se\/Jolosallskapet\/jolobocker\/av-och-med-jolo\/mannen-med-de-29-kostymerna\/","title":{"rendered":"Mannen med de 29 kostymerna"},"content":{"rendered":"<p><em>Jolos\u00e4llskapets skrift nr 2, 2000<\/em><br \/>\n<em><img decoding=\"async\" class=\"size-medium wp-image-1276 alignright\" src=\"https:\/\/toften.se\/Jolosallskapet\/wp-content\/uploads\/2023\/02\/Mannen-med-de-29-kostymerna-201x300.png\" alt=\"\" width=\"201\" height=\"300\" srcset=\"https:\/\/toften.se\/Jolosallskapet\/wp-content\/uploads\/2023\/02\/Mannen-med-de-29-kostymerna-201x300.png 201w, https:\/\/toften.se\/Jolosallskapet\/wp-content\/uploads\/2023\/02\/Mannen-med-de-29-kostymerna.png 407w\" sizes=\"(max-width: 201px) 100vw, 201px\" \/><\/em><em>Redakt\u00f6r: Johan Ers\u00e9us<\/em><\/p>\n<p><em>&#8221;&#8230;..<br \/>\nStil och konsumtion: fallet med kostymerna <\/em><br \/>\nKl\u00e4derna \u00e4r en del av Projektet Jolo. De sk\u00e4nker det en artistisk touche. I dagboken finns p\u00e5 insidan av p\u00e4rmen och f\u00f6ljande sidor en f\u00f6rteckning \u00f6ver Jolos kostymer och kavajer. I en del fall kan man utl\u00e4sa om det r\u00f6r sig om en kostym eller 4 kavaj, i andra inte. F\u00f6r enkelhetens skull kallas samlingen f\u00f6r kostymerna i forts\u00e4ttningen.<br \/>\nF\u00f6rteckningen inneh\u00e5ller uppgifter om ink\u00f6psplats och ink\u00f6psm\u00e5nad samt i all korthet f\u00e4rg och material. S\u00e5 h\u00e4r kan det se ut:<br \/>\n<em>Gr\u00e5 kamgarn <\/em><br \/>\n<em>\u00a0\u00a0 Str\u00f6ms 11\/49<\/em><br \/>\nDetta uttyds: en kostym i gr\u00e5 kamgarn ink\u00f6pt i november 1949 p\u00e5 Str\u00f6ms herrekipering&#8230;.&#8221;<\/p>\n","protected":false},"excerpt":{"rendered":"<p>Jolos\u00e4llskapets skrift nr 2, 2000 Redakt\u00f6r: Johan Ers\u00e9us &#8221;&#8230;.. Stil och konsumtion: fallet med kostymerna Kl\u00e4derna \u00e4r en del av Projektet Jolo. De sk\u00e4nker det en artistisk touche. I dagboken finns p\u00e5 insidan av p\u00e4rmen och f\u00f6ljande sidor en f\u00f6rteckning \u00f6ver Jolos kostymer och kavajer. I en del fall kan man utl\u00e4sa om det r\u00f6r [&hellip;]<\/p>\n","protected":false},"author":2,"featured_media":0,"parent":1364,"menu_order":0,"comment_status":"closed","ping_status":"closed","template":"","meta":{"_et_pb_use_builder":"","_et_pb_old_content":"","_et_gb_content_width":"","_crdt_document":"","footnotes":""},"class_list":["post-1275","page","type-page","status-publish","hentry"],"_links":{"self":[{"href":"https:\/\/toften.se\/Jolosallskapet\/wp-json\/wp\/v2\/pages\/1275","targetHints":{"allow":["GET"]}}],"collection":[{"href":"https:\/\/toften.se\/Jolosallskapet\/wp-json\/wp\/v2\/pages"}],"about":[{"href":"https:\/\/toften.se\/Jolosallskapet\/wp-json\/wp\/v2\/types\/page"}],"author":[{"embeddable":true,"href":"https:\/\/toften.se\/Jolosallskapet\/wp-json\/wp\/v2\/users\/2"}],"replies":[{"embeddable":true,"href":"https:\/\/toften.se\/Jolosallskapet\/wp-json\/wp\/v2\/comments?post=1275"}],"version-history":[{"count":1,"href":"https:\/\/toften.se\/Jolosallskapet\/wp-json\/wp\/v2\/pages\/1275\/revisions"}],"predecessor-version":[{"id":1277,"href":"https:\/\/toften.se\/Jolosallskapet\/wp-json\/wp\/v2\/pages\/1275\/revisions\/1277"}],"up":[{"embeddable":true,"href":"https:\/\/toften.se\/Jolosallskapet\/wp-json\/wp\/v2\/pages\/1364"}],"wp:attachment":[{"href":"https:\/\/toften.se\/Jolosallskapet\/wp-json\/wp\/v2\/media?parent=1275"}],"curies":[{"name":"wp","href":"https:\/\/api.w.org\/{rel}","templated":true}]}}

<p><em>Jolosällskapets skrift nr 2, 2000</em><br />
<em><img decoding="async" class="size-medium wp-image-1276 alignright" src="https://toften.se/Jolosallskapet/wp-content/uploads/2023/02/Mannen-med-de-29-kostymerna-201x300.png" alt="" width="201" height="300" srcset="https://toften.se/Jolosallskapet/wp-content/uploads/2023/02/Mannen-med-de-29-kostymerna-201x300.png 201w, https://toften.se/Jolosallskapet/wp-content/uploads/2023/02/Mannen-med-de-29-kostymerna.png 407w" sizes="(max-width: 201px) 100vw, 201px" /></em><em>Redaktör: Johan Erséus</em></p>
<p><em>&#8221;&#8230;..<br />
Stil och konsumtion: fallet med kostymerna </em><br />
Kläderna är en del av Projektet Jolo. De skänker det en artistisk touche. I dagboken finns på insidan av pärmen och följande sidor en förteckning över Jolos kostymer och kavajer. I en del fall kan man utläsa om det rör sig om en kostym eller 4 kavaj, i andra inte. För enkelhetens skull kallas samlingen för kostymerna i fortsättningen.<br />
Förteckningen innehåller uppgifter om inköpsplats och inköpsmånad samt i all korthet färg och material. Så här kan det se ut:<br />
<em>Grå kamgarn </em><br />
<em>   Ströms 11/49</em><br />
Detta uttyds: en kostym i grå kamgarn inköpt i november 1949 på Ströms herrekipering&#8230;.&#8221;</p>

<p>Jolosällskapets skrift nr 2, 2000 Redaktör: Johan Erséus &#8221;&#8230;.. Stil och konsumtion: fallet med kostymerna Kläderna är en del av Projektet Jolo. De skänker det en artistisk touche. I dagboken finns på insidan av pärmen och följande sidor en förteckning över Jolos kostymer och kavajer. I en del fall kan man utläsa om det rör [&hellip;]</p>
