{"id":1248,"date":"2023-02-26T13:12:21","date_gmt":"2023-02-26T13:12:21","guid":{"rendered":"https:\/\/toften.se\/Jolosallskapet\/?p=1248"},"modified":"2025-11-16T14:32:19","modified_gmt":"2025-11-16T13:32:19","slug":"bli-kvar","status":"publish","type":"page","link":"https:\/\/toften.se\/Jolosallskapet\/jolobocker\/av-margareta\/bli-kvar\/","title":{"rendered":"Bli kvar"},"content":{"rendered":"<p><em>Bonniers 1983, omslagsfoto Nisse Pettersson<\/em><br \/>\nP\u00e5 ny\u00e5rsafton ringde en l\u00e4sa<img decoding=\"async\" class=\"size-medium wp-image-1249 alignright\" src=\"https:\/\/toften.se\/Jolosallskapet\/wp-content\/uploads\/2023\/02\/Bli-kvar-179x300.png\" alt=\"\" width=\"179\" height=\"300\" srcset=\"https:\/\/toften.se\/Jolosallskapet\/wp-content\/uploads\/2023\/02\/Bli-kvar-179x300.png 179w, https:\/\/toften.se\/Jolosallskapet\/wp-content\/uploads\/2023\/02\/Bli-kvar.png 360w\" sizes=\"(max-width: 179px) 100vw, 179px\" \/>rinna:<br \/>\n-Sn\u00e4lla Margareta, f\u00e5r jag be dig om en sak. Skriv en forts\u00e4ttning p\u00e5 din bok \u201dAldrig mer\u201d. Jag l\u00e4sten den efter min mans d\u00f6d. Den hj\u00e4lpte mig. D\u00e4rf\u00f6r fr\u00e5gar jag nu: Hur blir det sen?<br \/>\nHon \u00e4r inte den enda som fr\u00e5gat mig om det. Hur blir det sen?<br \/>\nVd h\u00e4nder? Klarar man det?<br \/>\nS\u00e5 jag satte mig och skrev den h\u00e4r boken. Jag vill ber\u00e4tta om s\u00e5dant som kan h\u00e4nda medan man k\u00e4mpar f\u00f6r att ta fatt sitt nya liv p\u00e5 egna ben. Det \u00e4r inte l\u00e4tt. Man m\u00e5ste kanske bryta upp fr\u00e5n ett \u00e4lskat radhus till en liten tr\u00e5ng stadsv\u00e5ning&#8230;<br \/>\ntvinga sig att g\u00e5 ut bland folk n\u00e4r man helst ville g\u00e5 och g\u00f6mma sig\u2026<br \/>\nuppt\u00e4cka att det finns \u00e4n som ser en som lovligt byte och kvinnor som \u00e4r r\u00e4dda f\u00f6r \u201d\u00e4nkan\u201d\u2026<br \/>\nNej, det \u00e4r inte l\u00e4tt. M\u00f6ter man s\u00e5 en man som p\u00e5 allvar s\u00e4ger \u201dJag \u00e4lskar dig\u201d. D\u00e5 blir det riktigt sv\u00e5rt.<br \/>\nSv\u00e5rt, och lite farligt \u2013 som s\u00e5 mycket blir n\u00e4r man har det jobbigt nog bara med att \u00f6verleva och klara av detta orimliga:<br \/>\nAtt bli kvar.<\/p>\n","protected":false},"excerpt":{"rendered":"<p>Bonniers 1983, omslagsfoto Nisse Pettersson P\u00e5 ny\u00e5rsafton ringde en l\u00e4sarinna: -Sn\u00e4lla Margareta, f\u00e5r jag be dig om en sak. Skriv en forts\u00e4ttning p\u00e5 din bok \u201dAldrig mer\u201d. Jag l\u00e4sten den efter min mans d\u00f6d. Den hj\u00e4lpte mig. D\u00e4rf\u00f6r fr\u00e5gar jag nu: Hur blir det sen? Hon \u00e4r inte den enda som fr\u00e5gat mig om det. [&hellip;]<\/p>\n","protected":false},"author":2,"featured_media":0,"parent":2725,"menu_order":0,"comment_status":"closed","ping_status":"closed","template":"","meta":{"_et_pb_use_builder":"","_et_pb_old_content":"","_et_gb_content_width":"","_crdt_document":"","footnotes":""},"class_list":["post-1248","page","type-page","status-publish","hentry"],"_links":{"self":[{"href":"https:\/\/toften.se\/Jolosallskapet\/wp-json\/wp\/v2\/pages\/1248","targetHints":{"allow":["GET"]}}],"collection":[{"href":"https:\/\/toften.se\/Jolosallskapet\/wp-json\/wp\/v2\/pages"}],"about":[{"href":"https:\/\/toften.se\/Jolosallskapet\/wp-json\/wp\/v2\/types\/page"}],"author":[{"embeddable":true,"href":"https:\/\/toften.se\/Jolosallskapet\/wp-json\/wp\/v2\/users\/2"}],"replies":[{"embeddable":true,"href":"https:\/\/toften.se\/Jolosallskapet\/wp-json\/wp\/v2\/comments?post=1248"}],"version-history":[{"count":1,"href":"https:\/\/toften.se\/Jolosallskapet\/wp-json\/wp\/v2\/pages\/1248\/revisions"}],"predecessor-version":[{"id":1250,"href":"https:\/\/toften.se\/Jolosallskapet\/wp-json\/wp\/v2\/pages\/1248\/revisions\/1250"}],"up":[{"embeddable":true,"href":"https:\/\/toften.se\/Jolosallskapet\/wp-json\/wp\/v2\/pages\/2725"}],"wp:attachment":[{"href":"https:\/\/toften.se\/Jolosallskapet\/wp-json\/wp\/v2\/media?parent=1248"}],"curies":[{"name":"wp","href":"https:\/\/api.w.org\/{rel}","templated":true}]}}